 648. Let v be c(12). What is the greatest common factor of v and 288?
96
Suppose 6*r + 373186 + 501182 = 30*r. What is the highest common divisor of r and 11?
11
Let l = -126 - -131. Let v be l*-1 + 19 + -6. Let k be v/((-48)/(-18))*(-8)/(-3). Calculate the greatest common divisor of 2 and k.
2
Let w = -783 - -785. Let g = 63 + -59. Calculate the highest common divisor of w and g.
2
Let s be (-11)/220*5644*-5. What is the greatest common divisor of 340 and s?
17
Suppose 4*f - 1209 = -3*i, 312 = -f + 2*f + 4*i. Let b(s) = 232*s**2 - 3936*s - 106. Let t be b(17). Calculate the greatest common divisor of t and f.
30
Suppose 3*u - 3*l + 6 = 0, -2*u - 2 - 6 = -3*l. Let j(a) = u*a + 7 - 60 + 1 + 28. Let v be j(17). Calculate the greatest common divisor of 50 and v.
10
Let m = 1594 + -627. Suppose -12*u + m = 2*f - 15*u, -f + 466 = 2*u. What is the highest common factor of f and 136?
68
Suppose 4*s = -3*v + 9*s + 2737, 20 = -4*s. Suppose v*t - 710 = 902*t. Calculate the greatest common divisor of 142 and t.
71
Let w(o) = 3*o**3 - 3*o**2 + 55*o - 234. Let f be w(4). Calculate the greatest common factor of f and 40.
10
Suppose 55*l - 53*l = -304. Let v = l + 176. Let t(z) = -z**3 + 9*z**2 + 2*z - 2. Let s be t(9). What is the greatest common divisor of s and v?
8
Let l be ((-14130)/(-21))/(96/448). Calculate the greatest common divisor of 5 and l.
5
Suppose q + 110 = 3*n - 77, 2*n - 4*q = 148. Calculate the greatest common factor of 1820 and n.
20
Let p be (-39)/(-12) + -3 + (-3609)/(-12). Let z = p - 265. Calculate the highest common divisor of z and 126.
18
Suppose -12*m + 13489 = 12*m - 20303. What is the greatest common divisor of m and 110?
22
Suppose 0 = -14*l - 14 + 406. Suppose -343 = -10*a + 67. Suppose -a*m = -45*m + 32. Calculate the highest common factor of m and l.
4
Let v(p) = p**3 + 34*p**2 + 26*p + 99. Let s = -677 - -644. Let d be v(s). Calculate the greatest common divisor of 90 and d.
30
Let d = 1842 + -1165. Let o = d - 600. Calculate the highest common divisor of o and 55.
11
Suppose -8*y = -y - 112. Suppose 8*g + 272 = y*g. Calculate the highest common divisor of g and 425.
17
Let s = -157 + 160. Suppose -s*g - 3*d + 267 = -0*d, 2*d = 5*g - 417. What is the highest common factor of g and 34?
17
Let f be (338 - -40)*(-4 - -10). Calculate the greatest common factor of f and 216.
108
Let t be ((-261)/15)/(308/35 + -9). What is the highest common factor of t and 1682?
29
Suppose 9*v - 10478 = -8*v + 138000. What is the highest common factor of 22 and v?
22
Let o(x) = 48*x**2 - x + 28. Let b be o(0). Calculate the greatest common divisor of 469 and b.
7
Let b(x) = 9*x**3 + 10*x**2 + 4*x - 22. Let i be b(3). Suppose -2*w - 4 = -42. What is the greatest common divisor of w and i?
19
Let a = -162734 - -162794. Suppose 0 = -s + 3*w + 48, -5*w = s + s - 140. Suppose -4*v - 12 = -s. What is the greatest common divisor of v and a?
12
Let o = -82 - -87. Suppose -2*a = f + 7, f - o*a = 4*f + 16. Suppose -2*s + f*x = -0*x - 152, 5*x + 20 = 0. What is the highest common factor of 28 and s?
14
Suppose 0 = 5*h - 2*z + 25, -4 = 4*h + 5*z - 17. Let x be 1*(13 + h - -1). What is the highest common divisor of x and 55?
11
Suppose -2*i - 2*i = -48. Suppose -4*j = -b + 32, -151*b = -146*b - 3*j - 92. What is the highest common factor of b and i?
4
Let z = 3238 + -1090. Suppose 18*h - 1056 = -70*h. What is the greatest common factor of h and z?
12
Let g(x) = x**3 - 46*x**2 - 6*x + 246. Let n be g(46). Let m be 9 + n/5 + 7. Calculate the highest common factor of m and 115.
5
Suppose 2*o + 32*i + 92 = 0, 26*o + 2*i + 62 = 27*o. What is the greatest common factor of o and 6490?
10
Let j(g) = -g**3 + 2*g**2 + 25*g + 18. Let h be j(-5). Let v = 25 - 8. What is the greatest common factor of v and h?
17
Let o be (-98)/6 - ((-2)/3)/(-1). Let b be (0 + 4 - o) + 3. Calculate the highest common divisor of b and 32.
8
Let k(l) = -5*l + 59. Let z be k(10). Let h(o) = 11*o - 63. Let d be h(z). What is the highest common divisor of 18 and d?
18
Suppose -2*a + 8*o = -166, 2*a - 79*o - 103 = -78*o. What is the highest common divisor of 21949 and a?
47
Let g(o) = -29*o - 303. Let x be g(-11). Let q(r) = -r**2 + 2*r + 9. Let t be q(4). Calculate the highest common divisor of t and x.
1
Let n = -410 - -434. Let h be (-5166)/(-22) - (n/66)/(-2). What is the greatest common divisor of 10 and h?
5
Suppose 773 = 3*a + 5*h - 275, 0 = 4*a + 5*h - 1399. Let n = a + -318. Calculate the greatest common factor of 44 and n.
11
Suppose 4*n + 305*h = 302*h + 302, 5*n - 380 = -5*h. What is the highest common divisor of n and 25826?
74
Let q be (28/12 - 3)*-12. Let o be -2 + (-8152)/(-80) - (-5)/(-100)*-2. What is the highest common divisor of o and q?
4
Suppose 4*o = -2*d + 6*d - 2220, 2*d + 8*o = 1050. Calculate the greatest common factor of 36 and d.
9
Suppose 0 = 47*t + 10*t - 2558 - 64. Calculate the highest common divisor of 2806 and t.
46
Suppose -6 = -9*j + 6*j. Suppose -d + 11 = -4*u - 0*d, 4*d = -5*u + j. Let k be (-4 + -2 - 0)*u/4. Calculate the greatest common factor of 2 and k.
1
Suppose -22499*z + 22487*z + 492 = 0. Calculate the greatest common divisor of 5207 and z.
41
Let v be (-9)/2*59/(531/(-42)). Let o(y) = -y**2 + 20*y. Let i be o(14). Calculate the highest common divisor of i and v.
21
Let t be (-4 - (-7 - 5)) + -3. Suppose -m + t*m - 829 = -v, 4*m + 5*v - 833 = 0. What is the highest common divisor of m and 9?
9
Let q be 128/12*12/8. Let o be 3/15 + (-1767)/(-15). Let u = o + 10. What is the greatest common divisor of q and u?
16
Suppose -5*x + 8*a - 1326 = -5715, -3*a = x - 864. Calculate the highest common factor of 1067 and x.
97
Let r be 21/(2*(-7)/(-14)). Suppose -48*i = -51*i + r. What is the highest common factor of 2 and i?
1
Suppose -127*u = -134*u + 2772. Suppose -4*p + 174 = -2*f, -p + 52 = 4*f + 4. What is the greatest common factor of p and u?
44
Let y be (2/(-6))/((-26)/6474). Let x be 28/21 - 1*(-1988)/3. Calculate the highest common factor of x and y.
83
Let f = 29 - 17. Let j be 2/5 - (-1 - 26/10). Let p be (0 + j)/(6/36*3). Calculate the greatest common factor of f and p.
4
Let j(i) = -2*i**3 - 234*i**2 - 234*i - 217. Let d be j(-116). What is the greatest common factor of d and 370?
5
Suppose 8 = h - 3*b - 0*b, -4*h = -2*b - 32. Suppose -h*x - 454 = -774. What is the highest common divisor of x and 64?
8
Let j(l) = -73*l**3 + l**2 - 39*l + 15. Let x be j(-5). What is the greatest common factor of x and 15?
15
Let u(f) = -450*f - 3586. Let a be u(-8). Suppose -54 = -t + 30. Suppose -3*o - o + t = 0. What is the greatest common factor of a and o?
7
Let j = -510 - -492. Let q be (4/10)/(j/90) + 46. Calculate the greatest common factor of q and 12.
4
Let s be 6/(-21) - (-30)/7. Suppose -r + 28 = 5*c - 2*r, -27 = -3*c + s*r. Suppose -c*m - 416 + 1991 = 0. What is the highest common factor of 35 and m?
35
Let z = -12596 - -12617. Let j = 8 - -1. What is the highest common divisor of z and j?
3
Let j = -20963 + 20980. Let l = -80 + 114. What is the highest common factor of l and j?
17
Suppose 5*c - 3*b = 230, 5*c - 230 = 2*b - 5*b. Let m be (1 - (-2 - -2))*486/9. Let t = m - c. What is the highest common divisor of t and 56?
8
Let r = 13224 - 13224. Let x(j) = 4*j + 286 + 2*j - 3*j. Let b be x(r). Calculate the highest common factor of 26 and b.
26
Suppose -5*s - 21 = -w, 74*s = 75*s. Calculate the highest common divisor of 8043 and w.
21
Let m = -1057 + 1056. Let u be m + 3 + -3*(-113 + 7). Calculate the highest common divisor of 16 and u.
16
Let d be 62/(-4)*(-1 - 1). Suppose -d*j + 24*j = -189. Let g be (-4)/6 - (-110)/3. Calculate the greatest common divisor of j and g.
9
Suppose 5*p - 17*t + 20*t = 21, 2*t = 4*p - 30. Calculate the greatest common factor of 3 and p.
3
Suppose 17*q - 44 = -180. Let k be ((-963)/q)/3 + 4/(-32). Let s be 1/(-1 + (-17)/(-16)). What is the greatest common factor of k and s?
8
Let n be (1205844/(-115))/(-51) - (-6)/(-10). Calculate the greatest common factor of n and 35.
5
Let b(r) = 771*r - 149. Let t be b(7). Suppose 4*c - 3953 = c - 5*z, 4*c + z = t. What is the greatest common divisor of 69 and c?
69
Let k be (7560/50)/(3/20). Suppose 0 = 5*m + 95*u - 100*u - 125, -2*m + 54 = -3*u. Calculate the highest common fa